t u = 2686 + -977. Is u prime?
True
Let k be (-5)/(-2)*2 + (-36)/12. Suppose 2*f + 5*w = 3*w + 2444, -1218 = -f - k*w. Is f prime?
False
Let h = -152956 - -264015. Suppose -9*z + h = 4*z. Is z composite?
False
Let g be 8/(-1)*((-2)/(-2) - 3). Let n be 3 - ((-4)/g)/((-3)/12). Suppose -178 - 100 = -n*c. Is c a prime number?
True
Suppose 150*y = 24*y + 6660234. Is y a composite number?
False
Is (23 + -22)*-1293*2179/(-3) a prime number?
False
Suppose 3*t = -4*j + 15361, -276*t = 2*j - 275*t - 7681. Is j prime?
False
Suppose -182*x + 4178601 = -208*x + 19083439. Is x a prime number?
True
Let k(i) = 147*i**2 + 9*i + 8. Let n(d) = 294*d**2 + 22*d + 15. Let g(v) = 7*k(v) - 3*n(v). Is g(-3) a prime number?
False
Let p be 0*((-2)/3 - -1). Let o(j) = -24*j - 38. Let b(r) = -11*r - 19. Let m(c) = -13*b(c) + 6*o(c). Is m(p) a prime number?
True
Let m = 512 - 510. Is (m + -3)*2/(-6)*2661 a prime number?
True
Is (-14450588)/(-31) + (57/38)/(3/10) composite?
False
Let g(q) = q**2 - 6*q - 1. Let v be g(6). Let r be 2*v + 60/12. Suppose r*w - 646 = 428. Is w prime?
False
Suppose 1747455 - 228981 + 1601108 = 146*l. Is l composite?
True
Suppose 2*y - 3851 = 3733. Is (-10)/4*y/(-40) prime?
False
Let w = -1548028 - -2425839. Is w prime?
False
Let d(j) = -j - 13. Let z be d(-7). Let n be (28/21)/((-4)/z). Suppose -4*b = -y - 10, -n*y + 3*b - 2*b + 8 = 0. Is y a composite number?
True
Let m = 1006 - -2123. Let d = -980 + m. Is d composite?
True
Let n = -9 - -17. Suppose c - n = u, -2 = -4*c + 14. Is 552 - (-2)/2 - u a prime number?
True
Let j(x) = 148*x**2 + 55*x + 389. Is j(-16) a prime number?
True
Suppose 3*r + 1497911 = 6*r - 325960. Is r composite?
True
Let a = -5307 - -11182. Suppose -17*y = -19*y + 6. Suppose -3*m + 5*m - a = y*d, 0 = -4*d + 4. Is m a prime number?
True
Suppose 0*c + 2*a - 2 = -c, 4*c - a = -1. Suppose -2*v + 4 = c, v - 6 = -n - v. Suppose l = -n*l + 549. Is l prime?
False
Let g(l) = l**3 - 2*l**2 - l. Let h(r) = -4*r**3 + 2*r**2 + 4*r - 27. Let f(n) = 4*g(n) - h(n). Is f(8) prime?
False
Let r(v) = -35710*v**3 + 9*v**2 - 29*v - 5. Is r(-3) a prime number?
True
Suppose -37*a = -30*a - 53249. Suppose 38*w = 39*w - a. Is w composite?
False
Let f(n) = 318*n + 39. Let p be f(-11). Let c = p + 5000. Is c a prime number?
False
Suppose 0 = -2*w, 0*w + 5*w - 81354 = -3*n. Suppose 0 = -12*z + 67498 - n. Is z a prime number?
False
Let v(n) = 3*n + 45. Let z = -40 + 25. Let h be v(z). Is -5 + 2 + 1090 - (h + 0) a composite number?
False
Let z = 79 - -6. Suppose -2*t + n + 167 = 0, -5*n + 52 = t - 26. Suppose t*g - z*g + 1594 = 0. Is g prime?
True
Let q be -2 - -6 - (-4 - -4082). Let v = 299 - q. Is v prime?
True
Let s(q) = -11 - 2*q**3 - q + 0*q + q**3. Suppose 91*b - 77*b = -98. Is s(b) composite?
True
Suppose 3*f + 13 = -0*j - 4*j, 4*j - 3*f = 5. Let n be (-9065)/(-7) - j/(-1). Suppose -a + 343 = -n. Is a composite?
False
Suppose -2*v = v + 36. Is (13119/v)/((-4)/16) a prime number?
True
Is (1 + -6)*-1 + 250232 a prime number?
False
Let l = -89059 + 131880. Is l a composite number?
False
Let u = -139236 - -236213. Is u composite?
True
Let g(n) = 86*n**3 - 78*n**2 + 17*n + 35. Is g(24) a composite number?
False
Let s = -286 - -291. Is (s - 10)/(-5) + 18972 composite?
False
Let i be ((-1)/2)/(9/18). Let p(a) = -1091*a**3. Let f be p(i). Is f + 0 + -1 + -3 a composite number?
False
Suppose 975*c - 971*c - 43592 = 0. Is c - 10/(-6 + 8 + -4) composite?
False
Suppose 4 = -5*x + 9. Let b be 3 + 6/(-6) + x. Suppose 4630 = b*i + 865. Is i prime?
False
Let c(n) = -880*n + 397. Let s be c(-6). Let h = 2112 + s. Is h composite?
False
Let b be 1/(-2 + 1) + 2. Let w be -7 + 4 + 249/b. Let p = -97 + w. Is p a prime number?
True
Let s be (-333)/((-8)/(-60) + (-26)/(-30)). Suppose -j - 2*p = -0*j - 786, 0 = -5*j - p + 3921. Let w = j + s. Is w prime?
False
Let h(t) = -6*t - 22. Let v be h(-11). Suppose 0 = 2*q - v - 146. Let u = q - -28. Is u composite?
True
Suppose 30*o = 35*o + 5. Let u(x) = 724*x - 8. Let h be u(o). Let t = h - -1451. Is t a prime number?
True
Suppose -5*j - 450 = 4*h, -2*h - 325 = 3*j - 57. Suppose 0 = -5*x - 2*u - 867, 0*x - 163 = x + 3*u. Let o = j - x. Is o a prime number?
True
Suppose 0 = 6*v - g - 32, 0 = 2*g - 3*g - 2. Suppose -v*l + 15545 = 4*c, 9314 = -l + 4*l + 5*c. Is l composite?
True
Let u be (-6)/8 - 330/24*-1. Suppose -u*k = -10*k - 78. Suppose -5*g = -c + 3 + 13, -k = -4*c + g. Is c prime?
False
Suppose 0 = -11*d + 10*d - 961. Let g = d - -1350. Is g prime?
True
Suppose -k + 1915 = k + v, 2*k = 4*v + 1940. Let t = k - 684. Let y = 399 - t. Is y a prime number?
False
Suppose 567 = -36*p + 29*p. Let a = -67 - p. Suppose a*s = 16*s - 442. Is s composite?
True
Suppose -p + 5*p - 4*c + 12 = 0, -5*p - 18 = -2*c. Let m be ((p/5)/2)/(3/30). Is 4/(m - -6) - -3791 prime?
True
Let m(w) = 8149*w - 7766. Is m(36) a prime number?
False
Let a = 17246 - -105197. Is a prime?
True
Suppose -23*n + 2 = -24*n. Let h be n/((-4)/2588*1 + 0). Suppose 5*o + h = 7*o. Is o prime?
True
Let b(o) = -14*o - 49*o**2 + 107*o**2 + 2 - 49*o**2. Let w be b(2). Suppose 1953 = w*p - 8777. Is p composite?
True
Let y = -383 + 423. Let a be 15*-2*2818/(-12). Suppose y*u = 45*u - a. Is u composite?
False
Let n(q) = -16*q**3 + 3*q**2 + 85*q + 307. Is n(-23) a composite number?
True
Suppose 200176 = -14*c - 156348. Let l = -14115 - c. Is l prime?
True
Let y(t) = 1183*t - 90. Is y(52) a prime number?
False
Suppose 0 = 17*j - 137157 - 47837. Let q = -7475 + j. Is q composite?
False
Let d be 2/1*(12 + 50/(-5)). Suppose -d*b - 3*w + 49853 = 780, 0 = -5*b - 3*w + 61342. Is b a composite number?
False
Suppose -2976 = 5*f + 3329. Let d = -708 - f. Is d a composite number?
True
Suppose -21*r + 29*r = -80. Is (-122 - -4)/(r/565) prime?
False
Suppose 59*l - 54*l = 2*w + 301861, -l + 2*w = -60369. Is l a composite number?
False
Is (-288)/(-3600) - (2 - 8588098/25) a composite number?
True
Is (-312)/(-1014) + 3324950/26 a prime number?
False
Let g be -3*(-6)/(-81) + (-1352)/234. Is g/33 + 574780/44 + 0 a prime number?
True
Let w be (-46)/(-4)*(-24)/(-4). Suppose w*c - 59227 = 62*c. Is c composite?
False
Let b be 40*(-1)/(-5)*-108. Let z = 1295 - b. Is z composite?
True
Let x be (1072 + -7 - -4) + -5. Let v be (649/2)/((-3)/6). Let a = v + x. Is a a composite number?
True
Let g(k) = -4*k - 2. Let z be g(-11). Suppose -z = -3*r - 3*r. Suppose -2*t + r*t - 715 = 0. Is t composite?
True
Suppose 0 = -379*c + 6320988 + 9582989. Is c composite?
True
Suppose 51*y - 7161060 = -2181573. Is y composite?
True
Let c(y) be the third derivative of 5*y**4/24 + y**3/2 - 10*y**2. Let m be c(1). Is 105*(4 + m) + -1 composite?
False
Suppose l - 3*c = -78942 + 291874, 0 = 2*c + 2. Is l composite?
True
Suppose 28 - 313 = -19*f. Is 7/(-35) + 32343/f + 3 composite?
True
Suppose 0 = 4*l - 20, 13*m - 11*m + 4*l = 36. Let k(z) = 12*z**3 + 5*z**2 - 12*z - 15. Is k(m) a prime number?
True
Suppose 4*u = -3*z + 142, 0 = 2*z - 5*u - 30 - 34. Let j = z + -39. Suppose -j*x - 5*v + 698 = 0, -3*v = -4*x + 29 + 863. Is x composite?
True
Let m(g) = 14*g**3 + 9*g**2 - 3*g - 5. Let z be m(-4). Let f = -288 - z. Is f composite?
False
Suppose 0 = -7*k + 12*k + 4*w - 32, 0 = 2*k - 5*w + 7. Suppose -f + 1637 + 1402 = -5*i, 0 = -k*i - 16. Is f prime?
True
Let s(i) = -3*i**3 + 44*i**2 - 11*i - 147. Is s(-19) a composite number?
False
Let k be ((-48414)/5)/(50/(-125)). Suppose -11280 = -9*r + k. Is r a prime number?
True
Let m = 136168 - 81459. Is m a composite number?
False
Let w = -122 - -125. Suppose w*p - 10372 = 20423. Is p prime?
False
Is 9/(-1 + 4)*(-3 - 182694/(-9)) prime?
True
Let y = -98464 - -215157. Is y prime?
False
Let z = 11463 - 9706. Is z a prime number?
False
Let h(z) be the third derivative of 7*z**4/4 + 55*z**3/6 + 2*z**2 + 21*z. Is h(19) a composite number?
False
Let h(c) = 1304*c**2 - c - 7. Is h(2) a composite number?
True
Suppose -165 = -33*z + 22*z. Suppose z*n - 120301 = -33166. Is n prime?
False
Suppose 105 = n - 2*w, -w = n - 6*n + 516. Let r = 101 - n. Is r - -2 - (-4 + 25*-37) composite?
False
Suppose -22*v = -21*v + 1026. Let b = 2135 + v. Is b prime?
True
Let n(m) = m**3 + 17*m**2 - 16*m + 28. Suppose 5*j - 2*j + 4*z = -70, 2*j + 20 = 4*z. Let x be n(j). Is (((-538)/x)/(-1))/(5/(-40)) a prime numbe